{"id":3,"date":"2023-02-26T09:47:58","date_gmt":"2023-02-26T09:47:58","guid":{"rendered":"http:\/\/psinstal.com\/?page_id=3"},"modified":"2023-04-08T20:34:18","modified_gmt":"2023-04-08T20:34:18","slug":"privacy-policy","status":"publish","type":"page","link":"https:\/\/psinstal.com\/index.php\/privacy-policy\/","title":{"rendered":"Polityka prywatno\u015bci"},"content":{"rendered":"<p><strong>Kto jest administratorem Pani\/Pana danych osobowych?<\/strong><br \/>\nAdministratorem Pani\/Pana danych osobowych, jest PS Instal Pawe\u0142 Sawiak Szkolna 26B, 22-600 Ruda Wo\u0142oska<br \/>\nTelefon:+48 665-748-681, e-mail:pawelsawiak@gmail.com<br \/>\nkt\u00f3rego reprezentantem jest Pawe\u0142 Sawiak<\/p>\n<p><strong>Jak si\u0119 z nami skontaktowa\u0107, \u017ceby uzyska\u0107 wi\u0119cej informacji o przetwarzaniu Pani\/Pana danych osobowych?<\/strong><br \/>\nWszelkie kwestie dotycz\u0105ce przetwarzania danych osobowych oraz korzystania z praw zwi\u0105zanych<br \/>\nz przetwarzaniem danych osobowych mo\u017cna kierowa\u0107 do Inspektora Ochrony Danych.<\/p>\n<p>Z Inspektorem mo\u017cna kontaktowa\u0107 si\u0119 w nast\u0119puj\u0105cy spos\u00f3b:<br \/>\n\u2013 listownie na adres:\u00a0PS Instal Pawe\u0142 Sawiak Szkolna 26B, 22-600 Ruda Wo\u0142oska<br \/>\nz dopiskiem: Inspektor Ochrony Danych<br \/>\n\u2013 przez email: pawelsawiak@gmail.com<\/p>\n<p><strong>Sk\u0105d mamy Pani\/Pana dane?<\/strong><br \/>\nOtrzymali\u015bmy je od Pani\/Pana w zwi\u0105zku z prowadzon\u0105 przez nas obs\u0142ug\u0105 zada\u0144 publicznych, realizacji umowy, b\u0105d\u017a zosta\u0142y nam one udost\u0119pnione na mocy przepis\u00f3w prawa przez inne organy lub podmioty publiczne.<\/p>\n<p><strong>Jaki jest cel i podstawa prawna przetwarzania Pani\/Pana danych osobowych przez Administratora?<\/strong><br \/>\nPrzetwarzamy Pani\/Pana dane osobowe, poniewa\u017c jest to niezb\u0119dne do realizacji zada\u0144 publicznych, realizacji um\u00f3w, wype\u0142nienia obowi\u0105zku prawnego.<br \/>\nDane przetwarzane s\u0105 r\u00f3wnie\u017c w celach, na kt\u00f3re odr\u0119bnie wyra\u017cono zgod\u0119.<br \/>\nZgod\u0119 na przetwarzanie danych osobowych w celach innych, ni\u017c realizacji zada\u0144 publicznych, mo\u017ce Pani\/Pan wycofa\u0107 w dowolnym momencie w ten sam spos\u00f3b w jaki j\u0105 Pani\/Pan wyrazi\u0142. O\u015bwiadczenie o wycofaniu zgodny mo\u017ce Pani\/Pani przes\u0142a\u0107 na adres korespondencyjny b\u0105d\u017a mailowy podany powy\u017cej.<\/p>\n<p><strong>Czy musi Pani\/Pan poda\u0107 nam swoje dane osobowe?<\/strong><br \/>\nWymagamy podania przez Pani\u0105\/Pana danych osobowych na formularzach s\u0142u\u017c\u0105cych do obs\u0142ugi Pani\/Pana sprawy.<br \/>\nZakres zbieranych przez nas danych jest okre\u015blony w przepisach obowi\u0105zuj\u0105cego prawa.<br \/>\nJe\u015bli z jakiego\u015b powodu nie poda Pani\/Pan wymaganych danych osobowych, niestety nie b\u0119dziemy mogli przeprowadzi\u0107 Pani\/Pana sprawy.<br \/>\nPoza podawaniem danych wynikaj\u0105cych z przepis\u00f3w prawa, podanie Pani\/Pana danych jest dobrowolne.<\/p>\n<p>Jakie ma Pani\/Pan uprawnienia wobec administratora w zakresie <strong>przetwarzanych<\/strong> danych?<br \/>\nGwarantujemy spe\u0142nienie nast\u0119puj\u0105cych Pani\/Pana praw wynikaj\u0105cych z og\u00f3lnego rozporz\u0105dzenia o ochronie danych (RODO), tj.<br \/>\nsprostowania danych, na podstawie art. 16 RODO; w odniesieniu do \u017c\u0105dania sprostowania danych, gdy zauwa\u017cy Pani\/Pan, \u017ce dane s\u0105 nieprawid\u0142owe lub niekompletne<br \/>\nograniczenia ich przetwarzania, na podstawie art. 18 RODO; w odniesieniu do \u017c\u0105dania ograniczenia przetwarzania danych: zauwa\u017cy Pani\/Pan, \u017ce dane s\u0105 nieprawid\u0142owe \u2013 mo\u017ce Pani\/Pan \u017c\u0105da\u0107 ograniczenia przetwarzania swoich danych na okres pozwalaj\u0105cy nam sprawdzi\u0107 prawid\u0142owo\u015b\u0107 tych danych; Pani\/Pana dane b\u0119d\u0105 przetwarzane niezgodnie z prawem.<br \/>\nMa Pani\/Pan prawo wnie\u015b\u0107 skarg\u0119 w zwi\u0105zku z przetwarzaniem przez nas Pani\/Pana danych osobowych do organu nadzorczego, kt\u00f3rym jest Prezes Urz\u0119du Ochrony Danych Osobowych.<\/p>\n<p><strong>Jakim kategoriom odbiorc\u00f3w udost\u0119pniamy Pani\/Pana dane osobowe?<\/strong><br \/>\nPani\/Pana dane osobowe mog\u0105 by\u0107 przekazane podmiotom przetwarzaj\u0105cym w zakresie umowy powierzenia, uprawnionym organom publicznym, w tym organom publicznych, kt\u00f3re mog\u0105 otrzymywa\u0107 dane osobowe w ramach konkretnego post\u0119powania zgodnie z prawem, podmioty upowa\u017cnione na podstawie Pani\/Pana zgody, us\u0142ugodawcy<br \/>\nniezb\u0119dni do obs\u0142ugi:<br \/>\n\u2013 dor\u0119czania korespondencji<br \/>\n\u2013 \u015bwiadczenia us\u0142ug archiwizacyjnych<br \/>\n\u2013 obs\u0142ugi hostingowej<br \/>\n\u2013 p\u0142atnicze.<\/p>\n<p><strong>Jak d\u0142ugo przechowujemy Pani\/Pana dane osobowe?<\/strong><br \/>\nDane osobowe b\u0119d\u0105 przechowywane przez okres obowi\u0105zywania umowy, a tak\u017ce do up\u0142ywu ustawowego okresu przedawnienia roszcze\u0144 stron zwi\u0105zanych z jej realizacj\u0105.<\/p>\n<p><strong>Czy przekazujemy Pani\/Pana dane do pa\u0144stw spoza Europejskiego Obszaru Gospodarczego?<\/strong><br \/>\nPani\/Pana dane osobowe nie b\u0119d\u0105 przekazywane poza Europejski Obszar Gospodarczy.<\/p>\n<p><strong>Czy przetwarzamy Twoje dane osobowe automatycznie (w tym poprzez profilowanie) w spos\u00f3b wp\u0142ywaj\u0105cy na Pani\/Pana prawa?<\/strong><br \/>\nPani\/Pana dane osobowe nie b\u0119d\u0105 przetwarzane w spos\u00f3b zautomatyzowany. Wobec Pani\/Pana danych osobowych nie b\u0119d\u0105 podejmowane decyzje w spos\u00f3b zautomatyzowany, w tym r\u00f3wnie\u017c w formie profilowania.<\/p>\n","protected":false},"excerpt":{"rendered":"<p>Kto jest administratorem Pani\/Pana danych osobowych? Administratorem Pani\/Pana danych osobowych, jest PS Instal Pawe\u0142 Sawiak Szkolna 26B, 22-600 Ruda Wo\u0142oska Telefon:+48 665-748-681, e-mail:pawelsawiak@gmail.com kt\u00f3rego reprezentantem jest Pawe\u0142 Sawiak Jak si\u0119 z nami skontaktowa\u0107, \u017ceby uzyska\u0107 wi\u0119cej informacji o przetwarzaniu Pani\/Pana danych osobowych? Wszelkie kwestie dotycz\u0105ce przetwarzania danych osobowych oraz korzystania z praw zwi\u0105zanych z przetwarzaniem [&hellip;]<\/p>\n","protected":false},"author":1,"featured_media":0,"parent":0,"menu_order":0,"comment_status":"closed","ping_status":"open","template":"","meta":{"footnotes":""},"class_list":["post-3","page","type-page","status-publish","hentry"],"_links":{"self":[{"href":"https:\/\/psinstal.com\/index.php\/wp-json\/wp\/v2\/pages\/3","targetHints":{"allow":["GET"]}}],"collection":[{"href":"https:\/\/psinstal.com\/index.php\/wp-json\/wp\/v2\/pages"}],"about":[{"href":"https:\/\/psinstal.com\/index.php\/wp-json\/wp\/v2\/types\/page"}],"author":[{"embeddable":true,"href":"https:\/\/psinstal.com\/index.php\/wp-json\/wp\/v2\/users\/1"}],"replies":[{"embeddable":true,"href":"https:\/\/psinstal.com\/index.php\/wp-json\/wp\/v2\/comments?post=3"}],"version-history":[{"count":2,"href":"https:\/\/psinstal.com\/index.php\/wp-json\/wp\/v2\/pages\/3\/revisions"}],"predecessor-version":[{"id":695,"href":"https:\/\/psinstal.com\/index.php\/wp-json\/wp\/v2\/pages\/3\/revisions\/695"}],"wp:attachment":[{"href":"https:\/\/psinstal.com\/index.php\/wp-json\/wp\/v2\/media?parent=3"}],"curies":[{"name":"wp","href":"https:\/\/api.w.org\/{rel}","templated":true}]}}